 u(-8). Calculate c(o).
-7
Suppose x - 4 = -3*x, 4*x + 16 = -4*j. Let q(y) = -y + 6. Let c be q(0). Let h(f) = -3*f**2 + 0*f**2 - 5 + 2*f**2 - c*f. What is h(j)?
0
Let j(w) be the third derivative of w**4/24 - w**3/3 + 14*w**2. Give j(-5).
-7
Let r(i) be the third derivative of -i**5/60 - 5*i**4/24 + i**3 + 5*i**2. Calculate r(-5).
6
Let v(f) be the third derivative of -f**6/120 - f**5/20 + f**4/24 + 2*f**3/3 - 28*f**2. Give v(-3).
1
Let l(r) = -r**2 + 2*r - 1. Let u = 5 - -1. Let k = u - 8. Give l(k).
-9
Let m(g) = -3*g + 4. Suppose -3*j + 6 + 0 = 0. Let v(f) = 1 + j*f + 3*f + f**2 + 2. Let k be v(-5). What is m(k)?
-5
Let p(i) = i**3 - 9*i**2 + 8*i + 9. Let n be p(7). Let y = n - -61. Suppose -5*a - 2*h + y = -2, -4*a + 5*h = -24. Let v(k) = -k + 1. Determine v(a).
-5
Let c(i) = -i**3 - i**2 + i - 5. Let n be ((-6)/(-3))/(-1)*1. Suppose 2*f + 2*f + 8 = 0. Let z = n - f. What is c(z)?
-5
Let y be (-20)/(-8) + 2/4. Suppose y*s = -0 - 3. Let d(l) = -19*l**2 - 13*l - 10. Let v(x) = -13*x**2 - 9*x - 7. Let o(i) = -5*d(i) + 7*v(i). What is o(s)?
3
Let r(f) = -54*f + 24*f + 29*f - 1 + 12*f**3. Calculate r(-1).
-12
Suppose -m + 8 = m + 2*t, 2*m - 17 = -5*t. Let d(z) = -180*z + 81. Let c(o) = -9*o + 4. Suppose 0 = -5*v + 84 + 321. Let g(f) = v*c(f) - 4*d(f). Give g(m).
-9
Let x(c) = -3 + 0*c**2 - 6*c**2 + 1 + 1 + c. Determine x(1).
-6
Let b(c) = 2*c + 5. Let y = -70 - -65. Determine b(y).
-5
Let y(u) = -u**3 + 2*u**2 - 1. Let d be y(2). Let p be 4/16 - (-30)/8. Let b(j) = -4*j + 5*j + p*j. Give b(d).
-5
Let v be (-2)/(-7) - (-1 + (-4)/(-14)). Let p(q) = 12*q**3 + q**2 + q - 1. Determine p(v).
13
Suppose -2*j + 2*t = -2*t - 54, -5*j - t + 91 = 0. Suppose 4*n - j = -3. Let c(d) = 6*d + 5*d**2 - d + 4 - n*d**2. What is c(-3)?
-2
Let i = -8 - -14. Let f(z) = -3*z - 4 + 3 + 4*z. Determine f(i).
5
Let o(b) = -4*b - 15. Let v(i) = i + 5. Let m(k) = -4*o(k) - 14*v(k). What is m(8)?
6
Let y(k) = 1 + 3*k + 2*k**2 - 4 - k**3 + 5*k**2 - 6*k**2. What is y(2)?
-1
Let v(j) = -j**2 - 5*j - 7. Let y(u) = -u**2 + 9*u - 8. Let x be y(6). Suppose 2*s - 2*n + x = 0, -s - 2*s - 2*n + 10 = 0. Suppose s = -m - 0 - 5. Give v(m).
-7
Let g = 54 + -50. Let v(p) = p**2 - 5*p - 1. Give v(g).
-5
Suppose 24 = 5*z - 9*z. Let h(o) = -3*o - 2*o + 4*o + 1 + 2*o. Give h(z).
-5
Let k(v) = -6*v - 2. Let u be (38 - 33)/((-5)/(-2)). Determine k(u).
-14
Let m(o) = -o**3 + 6*o**2 + o - 5. Suppose a + 4*j = -2, 4*a + j - 14 = 8. Give m(a).
1
Let o(s) = 2*s + 1. Suppose 0 = 3*p - 5*j - 33, -2*p = -3*p + 3*j + 15. Suppose 0*g + p = g. Let r = -4 + g. Calculate o(r).
5
Let l(z) be the third derivative of -z**5/60 + 7*z**4/24 - 5*z**3/6 + 8*z**2. Give l(6).
1
Let h(d) = 2*d**3 - d**2 + 2*d - 3. Let q = 59 + -38. Suppose -p + c - q = p, 2*p + 9 = -3*c. Let x be -3 - -2 - p/3. What is h(x)?
13
Suppose 51 = -n + 4*n + 4*c, 0 = -3*n - 3*c + 54. Let r be 8*(3 - n/6). Let z(q) = -q - 6. Give z(r).
-2
Let d(q) = q + 1. Let k be d(1). Let r(f) be the third derivative of f**k - 1/60*f**5 + 1/24*f**4 + 0*f + 1/6*f**3 + 0 + 1/30*f**6. Calculate r(-1).
-5
Let z(w) = -15*w + 1. Let x(p) = p**3 - 10*p**2 + 17*p - 9. Let b be x(8). Determine z(b).
16
Let t(r) = -r + 2. Let d be (6/(-7))/((-2)/14). Suppose 2*u = -4, -5*k + 49 = d*u - 3*u. Suppose 2*s + 3 = -3, 5*s + k = v. Give t(v).
6
Let u(l) = l - 9. Let h be (-4)/(-10) + (-3590)/(-25). Let c be (-3)/(-5) + h/(-15). Let b be (20/(-6))/(6/c). Determine u(b).
-4
Let f(s) = 1 - 2*s**2 + 3*s + 0*s**3 + s**3 - 4. Let i(q) = q + 4. Let j be i(-2). What is f(j)?
3
Let g(n) be the third derivative of n**8/20160 - n**7/720 + 7*n**6/720 - n**5/60 - 3*n**2. Let x(o) be the third derivative of g(o). Give x(5).
-3
Let j = -21 - -39. Suppose 0 = -4*f - 2*i + j, f - 6 = -4*i + 2. Suppose 5*s = 3*t + s - f, t - 3*s - 3 = 0. Let u(x) = -x**2 + x + 2. Calculate u(t).
2
Let k(b) be the second derivative of -b**3/6 + b**2 - 23*b. Let z be ((-2)/(-4))/(1/12). Calculate k(z).
-4
Suppose 0*x + 5 = 3*m + 5*x, 0 = 5*x + 10. Suppose -2*w + 3*w = -m. Let c(y) = y**3 + 4*y**2 - 5*y + 3. What is c(w)?
3
Let y = 16 - 13. Let x(d) be the first derivative of 3*d - 1/3*d**3 - 1 - 1/2*d**2. Calculate x(y).
-9
Let t(x) be the second derivative of x**5/20 + 5*x**4/12 - x**3/6 + x**2/2 - 49*x. What is t(-5)?
6
Suppose -3*m + 3*b + 2*b = 11, 4*m = -4*b - 36. Let z(i) = -i - 16. Give z(m).
-9
Let c(p) = -3*p**3 + 5*p**2 + 8*p - 6. Let g(u) = -16*u**3 + 26*u**2 + 41*u - 30. Let f(x) = -11*c(x) + 2*g(x). Determine f(4).
-2
Let r(h) be the third derivative of h**5/60 - 7*h**4/24 - 5*h**3/6 + 3*h**2. Let l be r(8). Let k(j) = -j - 1. Calculate k(l).
-4
Suppose 2*m - 5*x = -0*m + 1, 2*m - 8 = -2*x. Let r(z) = -z**2 - 2*z + 3*z**m - 2*z**3 + 1 + 2*z. Let f(l) = -l**2 - l. Let i be f(-1). What is r(i)?
1
Let x(b) = 2*b + 2. Suppose 3*w - 5*w - 8 = 0. Let t(z) = -2*z - 1. Let k(f) = w*t(f) - 3*x(f). Let d = -6 - -4. What is k(d)?
-6
Let b = -13 + 4. Let o be b/6*(4 + -2). Let s(n) = -n**3 - 3*n**2 - n + 3. Calculate s(o).
6
Let n(a) be the second derivative of -a**4/12 + 5*a**3/6 - a**2/2 + a. Let f be n(5). Let w = 5 + f. Let i(u) = u**3 - 5*u**2 + 6*u - 5. What is i(w)?
3
Let c(b) = -11*b**2. Let p = -5 + 10. Let o = p + -1. Suppose 6 = 2*h + o. Calculate c(h).
-11
Let r(n) = 3*n**2 + 5*n - 18. Let d(j) = 3*j - 1. Let i be d(1). Let f(u) = -u**2 - 2*u + 9. Let y(h) = i*r(h) + 5*f(h). Determine y(0).
9
Let g = 1 + 0. Let f(w) = w**2 + w + 1. Let a(b) = -7 - b**2 - 5*b**2 - b**2 + 2*b**2. Let q(i) = g*a(i) + 6*f(i). What is q(-5)?
-6
Suppose 3*r - 2 = -8, -5*o = 4*r + 3. Suppose -2*k = -k - 15. Let j(n) = -5*n**2 - k + 15 + n. Give j(o).
-4
Let v(t) be the third derivative of t**5/60 + t**4/24 + t**3/3 + t**2. Let r = 10 - 7. Suppose 0 = r*d - 8*d - 10. Determine v(d).
4
Let m(k) = k - 5. Let b(j) = j**2 - 7*j - 12. Suppose -4*s - 4*i = -20, -47 = -3*s - i + 6*i. Let t be b(s). Give m(t).
1
Let w(s) = 3 + 5 - 2*s - 7. Let u(x) = x**2 + 4*x + 3. Let d be u(-4). Calculate w(d).
-5
Let s(k) = -k**3 - 2*k**2 + k - 1. Let h be (-3)/(-3)*(-2 - 0). Let m be s(h). Let c(n) = n**3 + 2*n**2 - n - 1. Give c(m).
-7
Let y(i) = i**3 - i - 1. Let w be y(-1). Let z be w*(-1)/2*-2. Let r(b) = 7*b**2 + b + 1. Determine r(z).
7
Let t(b) be the third derivative of b**6/60 + b**5/30 + b**3/6 - 9*b**2. Determine t(-2).
-7
Let x(r) = 5*r + 2. Let u(d) = -d. Let m(p) = 6*u(p) + x(p). What is m(-6)?
8
Let s(o) be the second derivative of -o**3/6 + o**2/2 - o. Let t = -3 - -5. Suppose t*a + 2*a = 4. Give s(a).
0
Let u(v) = 3*v - 11. Let f(p) be the first derivative of -p**2 + 5*p + 6. Let d(m) = 5*f(m) + 3*u(m). Give d(0).
-8
Let j(n) = 18*n**2 + n - 1. Let c be j(1). Suppose -5*w + 8 - c = 0. Let d(p) = -p + 5. Let s(b) = -3*b + 16. Let o(k) = w*s(k) + 7*d(k). Give o(-4).
7
Let t be ((-3)/1 + 2)*5. Let a(x) be the second derivative of x**2/2 - 4*x. Let k(c) = -c**3 - c + 6. Let o(p) = t*a(p) + k(p). What is o(0)?
1
Let w(k) = k. Let b(f) = 2 + 2 - 14*f + 6*f. Let a(j) = -b(j) - 5*w(j). Determine a(3).
5
Let z(j) = -5*j. Let g(p) = 14*p - 1. Let u(o) = 6*g(o) + 17*z(o). Let i(c) = -c**3 + 4*c**2 + 4*c + 1. Let k be i(5). Let d = -1 + k. Calculate u(d).
-1
Let d(a) = -16*a. Let z = -6 - -8. Let y(j) = -z*j - 2*j + 0*j. Let h(x) = 2*d(x) - 9*y(x). What is h(-2)?
-8
Let o(k) be the second derivative of -k**4/12 + 3*k**3/2 + 2*k**2 + 5*k. Give o(10).
-6
Let h(a) be the first derivative of -a**3/3 + 3*a**2 + 7*a - 6. Determine h(7).
0
Let l be (-5)/(-10) + (-39)/(-6). Let v(h) = -h**2 + 8*h - 5. Give v(l).
2
Let j(o) = -o**3 - 4*o**2 - o + 4. Let d(i) = i**3 + i**2 - 3*i - 3. Let t be d(0). Determine j(t).
-2
Let k = -14 + 9. Let r be (18/6)/((-2)/(-2)). Let g(b) = 1 + r*b - 2*b - 4. Calculate g(k).
-8
Let n(h) be the second derivative of -h**5/20 - h**4/3 + 2*h**3/3 - h**2/2 - 2*h. Calculate n(-5).
4
Let k(d) be the second derivative of -d**6/120 + d**5/60 - d**4/24 - d**3/6 - d**2/2 + 5*d. Let c(t) be the first derivative of k(t). What is c(0)?
-1
Let x(u) = 8*u - 5. Let l(a) = a - 2*a - 4*a + 4 - 2*a. Let y(m) = -7*l(m) - 6*x(m). Calculate y(-3).
-1
Let q(v) be the second derivative of -v**4/12 + v**3 - 3*v**2/2 - 4*v. Determine q(5).
2
Let x(h) = -h**2 + h + 11. Let p(l) = l**2 + 8*l + 7. Let w be p(-7). Give x(w).
11
Let v(z) 